
Calculate the highest common factor of 108 and 12204.
108
What is the greatest common divisor of 114 and 361?
19
What is the greatest common divisor of 16 and 1136?
16
Calculate the highest common factor of 15 and 705.
15
What is the highest common factor of 28 and 553?
7
Calculate the highest common factor of 7995 and 195.
195
What is the highest common divisor of 9050 and 50?
50
Calculate the highest common factor of 1265 and 22.
11
Calculate the greatest common divisor of 58 and 87.
29
What is the highest common divisor of 30 and 724?
2
Calculate the highest common divisor of 16 and 3.
1
Calculate the highest common factor of 46 and 2.
2
Calculate the highest common factor of 30615 and 65.
65
What is the highest common factor of 5396 and 284?
284
What is the greatest common factor of 69301 and 37?
37
Calculate the greatest common divisor of 32 and 2144.
32
What is the greatest common divisor of 420 and 60?
60
What is the highest common divisor of 192 and 832?
64
What is the greatest common factor of 50 and 5?
5
What is the highest common factor of 36 and 1746?
18
What is the greatest common divisor of 81 and 9?
9
Calculate the highest common factor of 60 and 92520.
60
What is the highest common divisor of 221 and 78?
13
Calculate the highest common divisor of 84 and 336.
84
What is the greatest common factor of 16367 and 13?
13
Calculate the greatest common divisor of 1331 and 176.
11
What is the highest common divisor of 368 and 64?
16
What is the highest common divisor of 595 and 255?
85
What is the highest common divisor of 171 and 114?
57
What is the highest common divisor of 4029 and 6?
3
Calculate the greatest common factor of 484 and 32.
4
What is the highest common factor of 4 and 113?
1
Calculate the highest common factor of 62 and 5115.
31
What is the highest common divisor of 2460 and 82?
82
Calculate the highest common factor of 28048 and 16.
16
Calculate the greatest common divisor of 32 and 1384.
8
Calculate the greatest common factor of 133 and 28.
7
Calculate the highest common divisor of 153 and 531.
9
What is the greatest common factor of 36 and 1962?
18
What is the greatest common factor of 28 and 8414?
14
What is the greatest common factor of 28350 and 6?
6
Calculate the highest common divisor of 6416 and 16.
16
What is the greatest common divisor of 1040 and 160?
80
What is the greatest common divisor of 36 and 1062?
18
What is the highest common factor of 19 and 1121?
19
Calculate the highest common divisor of 2419 and 41.
41
What is the highest common divisor of 202 and 909?
101
Calculate the highest common factor of 44 and 196.
4
What is the highest common divisor of 24 and 59256?
24
What is the greatest common divisor of 128 and 14?
2
What is the greatest common factor of 66 and 6?
6
Calculate the highest common factor of 501 and 9.
3
What is the highest common factor of 365 and 25?
5
What is the greatest common divisor of 19126 and 292?
146
Calculate the greatest common divisor of 1472 and 46.
46
What is the greatest common divisor of 408 and 36?
12
Calculate the highest common factor of 4 and 18892.
4
What is the highest common divisor of 9 and 12?
3
Calculate the greatest common factor of 118296 and 279.
279
Calculate the greatest common factor of 810 and 450.
90
Calculate the greatest common factor of 18 and 934.
2
Calculate the highest common divisor of 1605 and 195.
15
Calculate the highest common divisor of 87 and 319.
29
What is the highest common divisor of 1110 and 750?
30
Calculate the highest common divisor of 22 and 1958.
22
Calculate the highest common divisor of 124 and 682.
62
Calculate the highest common factor of 82 and 22058.
82
What is the greatest common divisor of 1 and 42?
1
Calculate the highest common factor of 968 and 121.
121
What is the highest common factor of 102 and 990?
6
Calculate the highest common factor of 90 and 30.
30
Calculate the greatest common divisor of 531 and 162.
9
What is the highest common divisor of 590 and 3422?
118
Calculate the highest common divisor of 6 and 4107.
3
What is the highest common factor of 3885 and 63?
21
Calculate the highest common divisor of 1799 and 7.
7
What is the greatest common divisor of 2429 and 1735?
347
What is the greatest common divisor of 1127 and 207?
23
What is the greatest common factor of 5 and 5?
5
Calculate the highest common divisor of 13 and 533.
13
Calculate the greatest common divisor of 30 and 10.
10
What is the greatest common divisor of 186 and 496?
62
What is the highest common factor of 345 and 575?
115
What is the highest common divisor of 156 and 144?
12
What is the greatest common divisor of 138 and 78?
6
Calculate the highest common divisor of 98 and 245.
49
What is the greatest common divisor of 72 and 16?
8
What is the greatest common divisor of 143 and 39?
13
Calculate the greatest common divisor of 3168 and 36.
36
Calculate the highest common divisor of 66 and 22.
22
Calculate the highest common divisor of 10 and 14.
2
Calculate the greatest common divisor of 1247 and 87.
29
What is the highest common factor of 12 and 3054?
6
Calculate the greatest common factor of 164 and 3.
1
What is the greatest common factor of 21 and 7?
7
What is the greatest common divisor of 82 and 205?
41
What is the highest common factor of 6 and 4?
2
What is the greatest common divisor of 368 and 32?
16
What is the greatest common divisor of 64 and 7232?
64
Calculate the highest common factor of 51 and 136.
17
Calculate the highest common divisor of 15 and 12.
3
What is the greatest common divisor of 306 and 19125?
153
What is the greatest common divisor of 172 and 20?
4
Calculate the greatest common divisor of 932 and 4.
4
What is the highest common factor of 9 and 108?
9
Calculate the greatest common factor of 1860 and 6.
6
Calculate the greatest common factor of 12733 and 119.
119
What is the greatest common factor of 1248 and 2288?
208
What is the highest common factor of 1404 and 18?
18
Calculate the highest common factor of 16 and 32.
16
Calculate the highest common factor of 846 and 376.
94
What is the greatest common factor of 3200 and 75?
25
Calculate the greatest common divisor of 149 and 4.
1
What is the greatest common factor of 44320 and 16?
16
What is the highest common divisor of 1670 and 310?
10
What is the greatest common divisor of 744 and 620?
124
What is the greatest common divisor of 11500 and 250?
250
What is the greatest common factor of 2864 and 96?
16
Calculate the highest common factor of 138 and 46.
46
Calculate the highest common divisor of 980 and 860.
20
Calculate the highest common factor of 52 and 39.
13
What is the highest common factor of 195 and 260?
65
What is the greatest common factor of 798 and 2679?
57
Calculate the highest common factor of 1 and 414.
1
Calculate the highest common divisor of 136 and 80.
8
What is the greatest common divisor of 5 and 185?
5
What is the highest common factor of 1580 and 553?
79
Calculate the greatest common factor of 249 and 2822.
83
Calculate the greatest common divisor of 629 and 37.
37
What is the greatest common divisor of 352 and 32?
32
What is the greatest common factor of 3406 and 26?
26
Calculate the highest common factor of 28 and 2492.
28
Calculate the highest common factor of 32 and 512.
32
What is the greatest common divisor of 142 and 497?
71
Calculate the greatest common factor of 2640 and 3135.
165
What is the greatest common divisor of 1 and 67?
1
Calculate the highest common factor of 72 and 8.
8
What is the highest common divisor of 276 and 20?
4
What is the highest common divisor of 1 and 23?
1
Calculate the greatest common divisor of 510 and 102.
102
Calculate the highest common factor of 496 and 1426.
62
Calculate the greatest common factor of 22 and 187.
11
Calculate the highest common divisor of 5 and 55.
5
What is the greatest common divisor of 8 and 37?
1
Calculate the greatest common divisor of 1325 and 212.
53
Calculate the highest common factor of 552 and 18.
6
What is the highest common factor of 286 and 234?
26
Calculate the highest common divisor of 51 and 9469.
17
Calculate the highest common factor of 80 and 880.
80
What is the highest common factor of 94 and 4042?
94
Calculate the highest common divisor of 645 and 15.
15
Calcu